- 2. Calculate the remainder when 33 is divided by q(9).
5
Suppose -2*r - r + 109 = 4*y, -2*r + 5*y = -88. Suppose r = 4*t - 89. Suppose 25*p - 17 = 24*p. What is the remainder when t is divided by p?
15
Suppose -3*d + 5*d - 128 = 0. Suppose -h + d = 3*h. Suppose -l + 4*l - 27 = 0. What is the remainder when h is divided by l?
7
Suppose 0 = 4*j + 3*n - n - 224, 5*n + 181 = 3*j. Calculate the remainder when j is divided by 12.
9
Suppose -5*b = 3*c - 120, -5*b + 4*c + 0*c + 155 = 0. Let f = 6 - -8. Calculate the remainder when b is divided by f.
13
Let r(i) = i**2 - 4*i + 5. What is the remainder when 37 is divided by r(5)?
7
Let x(v) = -v**2 - 11*v - 13. Suppose 3*j - 2*g = 3*g - 23, -3*j - 5*g = 13. What is the remainder when 31 is divided by x(j)?
14
Let b(s) = 1 + s**2 + 0*s + s**2 + s. Suppose 0*w + 5 = 5*u + 2*w, 0 = 5*w - 25. What is the remainder when 4 is divided by b(u)?
0
Let u = -15 - -29. Suppose 0*k = k - 2*o - 49, -2*o + 86 = 2*k. Let b = k + 8. Calculate the remainder when b is divided by u.
11
Let c(v) be the second derivative of 11/6*v**3 + 0 + 0*v**2 - 2*v. Calculate the remainder when c(3) is divided by 17.
16
Let l(t) = 7*t**2 - 1. Suppose -225 = -4*q + q - 3*k, 0 = 5*q - 3*k - 415. What is the remainder when q is divided by l(2)?
26
Suppose 196 = 2*n + 2*n - 2*q, -2*n + 92 = -4*q. Calculate the remainder when n is divided by 19.
12
Suppose -8*g + 4*g - 35 = -3*r, 5*g - 18 = -r. Calculate the remainder when 23 is divided by r.
10
Suppose 3*g = 4*q - 25, 2*q = -g - 0*g + 25. Suppose -4*p + p + 5 = -2*i, 5*p - 4*i = 7. What is the remainder when q is divided by p?
1
Let v(n) = 2*n**2 + n - 12. What is the remainder when v(7) is divided by 16?
13
Let s(z) = z + 2. Let f = -14 + 34. Suppose 3*u = -u + f. What is the remainder when u is divided by s(0)?
1
Let n be (12/10)/(1/5). Let r = -8 - -6. Let o = r + n. Calculate the remainder when 6 is divided by o.
2
Suppose -3*p + 5*p + 3*z = 18, -3*z = -4*p. Suppose -64 = k - p*k. Calculate the remainder when k is divided by 17.
15
Suppose 5*u - 25 = 0, a - 3*a - 19 = -5*u. Suppose a*q = 7*q - 36. Let k = 10 - q. What is the remainder when k is divided by 1?
0
Let z(y) = y**3 + 8*y**2 - 11*y - 12. Calculate the remainder when z(-8) is divided by 20.
16
Let z = -13 + 7. Let v = 10 + z. Calculate the remainder when 11 is divided by v.
3
Let k = 14 + 3. Calculate the remainder when 83 is divided by k.
15
Calculate the remainder when 9 is divided by -9*1/(-3) + 1.
1
Suppose 3*s - 43 = k, -s + 0*s = 4*k - 36. What is the remainder when 47 is divided by s?
15
Let s(p) = p**3 + 14*p**2 + 8*p - 27. Calculate the remainder when s(-13) is divided by 13.
12
Suppose -37 = -4*d + 187. Calculate the remainder when d is divided by 19.
18
Let g be (-4)/(-2)*(-51 - -8). Let q = 123 + g. What is the remainder when q is divided by 4/6*78/4?
11
Suppose 0*l - 135 = -5*l. Suppose 2*k - 3*k + l = 0. What is the remainder when 51 is divided by k?
24
Calculate the remainder when (-56)/(-21) + (-4)/(-3) is divided by 3.
1
Suppose -3*l - 127 = -2*w, -3*l - l = -4. Suppose p = 118 - 10. Let y = p - w. What is the remainder when y is divided by 15?
13
Suppose -w - w = 0. Let x(l) = l**2 - l + 5. What is the remainder when 7 is divided by x(w)?
2
Suppose -3*l + 5 = -16. What is the remainder when l is divided by 3?
1
Suppose -128 = -3*z + 5*z. Let g be (-5)/((-5)/z)*-1. Let t = g - 45. Calculate the remainder when t is divided by 5.
4
Suppose -4*s + 37 + 27 = 0. Let o(f) = -f**2 - f + 30. What is the remainder when o(0) is divided by s?
14
Let f(q) = -3*q**2 + 13*q. Calculate the remainder when f(4) is divided by 1.
0
Let j(t) = t**3 + t + 19. Let h be j(0). Let i = h - -13. Let v = -25 - -42. Calculate the remainder when i is divided by v.
15
Suppose -14 - 1 = -3*j. What is the remainder when 18 is divided by j?
3
Let n(q) = 6*q**2 - 5*q - 5. What is the remainder when n(6) is divided by 46?
43
Let f(s) = s**3 - s**2 + 9*s + 28. Calculate the remainder when 1 - 1 - 110*-1 is divided by f(0).
26
Let a = -38 + 55. Calculate the remainder when 66 is divided by a.
15
Suppose 2*p = -d, d + 0*d = p + 9. What is the remainder when 15 is divided by d?
3
Let d = 5 - 2. Suppose -u = -i - 59, 0*u = -d*u + 5*i + 187. Calculate the remainder when u is divided by 28.
26
Calculate the remainder when (81/(-6) - -1)*-6 is divided by 19.
18
Suppose 0 = 5*d + 50 - 140. Let r = -4 + -1. Let c = d + r. Calculate the remainder when 24 is divided by c.
11
Let z be (-3)/2*6/(-9). Let i be ((-6)/9)/((-4)/(-30)). Calculate the remainder when i + 22 + (2 - z) is divided by 5.
3
Let x(m) = m**3 - 6*m**2 + 10*m + 4. Calculate the remainder when 143 is divided by x(5).
27
Let z = -7 - -8. Calculate the remainder when 41 is divided by (-1)/(z/(-14 - -3)).
8
Suppose -24 = -4*f + z, -42 - 1 = -5*f - 2*z. Let q(v) = v + 9. Calculate the remainder when 45 is divided by q(f).
13
Let t = 15 - -24. Let a = -8 + 22. Calculate the remainder when t is divided by a.
11
Suppose 0 = -26*d + 7*d + 855. Calculate the remainder when d is divided by 24.
21
Let w = 55 - 39. What is the remainder when 46 is divided by w?
14
Suppose -2*l + 7*l - 30 = 0. Let p = l - 4. What is the remainder when 4/6 - (-7)/3 is divided by p?
1
Let p = -3 + 4. Let j be 3*1/3 + 3. Suppose -u - p = -j. Calculate the remainder when u is divided by 2.
1
Let f be (1/1)/(1/6). Let b(h) = 20*h + 2 + f*h - 3. Calculate the remainder when b(1) is divided by 13.
12
Let m(i) = i**3 - 8*i**2 + 10*i. Let c be m(8). Suppose 0 = 5*h - 0*h - c. Let f = h - 5. What is the remainder when 20 is divided by f?
9
Let j(g) = -2*g**2 - g - 2. Let l be j(-2). Let v = 15 + l. What is the remainder when 13 is divided by v?
6
Suppose -5*v + 2*k + 26 = 0, 0 = 5*v + 4*k - 2 - 36. Let c be (-4)/3*v/(-4). Calculate the remainder when 0/c + (-86)/(-2) is divided by 15.
13
Let j(c) = 2*c + 28. Suppose -4*a = 2*d + 138, 0 = 2*a + 2*a - 12. Calculate the remainder when d/(-4) + (-2)/(-8) is divided by j(-9).
9
Suppose -6 = b - 4*c, 3*c + 6 = b + 5*c. Let n = 8 - b. What is the remainder when 17 is divided by n?
5
Let i(r) = 2*r**2 + 6*r + 4. Let a be i(-4). Let y = 15 - 10. What is the remainder when (-118)/(-8) + (-9)/a is divided by y?
4
Suppose 3*p + 5*z = 3*z + 122, 172 = 4*p + 5*z. Let v be 2/(-4) - (-5)/2. Suppose -v*g - 8 = -34. Calculate the remainder when p is divided by g.
12
Let s(d) = d + 3. Let k(n) = n**2 + 6. Let u be k(0). Let o be (-25)/(-3) + (-2)/u. What is the remainder when s(o) is divided by 4?
3
Suppose -15*c = -13*c - 18. Calculate the remainder when (-6 - 2)*(0 - 3) is divided by c.
6
Let q(v) = v**2 - 16*v**3 - 3*v - v + 5*v. Calculate the remainder when 30 is divided by q(-1).
14
Calculate the remainder when 84 is divided by (4/(-3) + 0)*231/(-14).
18
Let k = 13 + -15. Calculate the remainder when 24 is divided by (3 - -10)*(-2)/k.
11
Let h(l) = 10*l - 2. Suppose -4*f - 4 = 0, 4*f = 4*o + 3*f - 9. Calculate the remainder when 52 is divided by h(o).
16
Suppose 6*i = -40 + 130. What is the remainder when i is divided by 10?
5
Suppose -69 = -6*y + 3*y. What is the remainder when y is divided by 8?
7
Let g be 3/((-3)/(3 - 6)). Suppose 0 = g*c + 3*r - 6*r, c + r + 6 = 0. What is the remainder when 37 - 5/((-5)/c) is divided by 18?
16
Suppose -3*g + 40 = 2*g. Calculate the remainder when (-5)/25 - (-142)/10 is divided by g.
6
Suppose 0 = -2*l + 2 + 2. Suppose l*f + 5 = -1, 2*i - 2*f = 26. Suppose -3*d + 57 = -0*d. Calculate the remainder when d is divided by i.
9
Let m be 8*(2 + 21/6). Suppose 3*n - 2*w - 2*w = m, 2*w = -10. What is the remainder when 23 is divided by (-3 + -2)*n/(-5)?
7
Suppose 4*x = -3*u + 321, -3*u + x = 121 - 457. Calculate the remainder when u is divided by 19.
16
Let m = -26 - -44. Let r(o) = o**3 - 5*o**2 - 4*o - 2. Let k be (3/(-6))/(-1)*12. What is the remainder when m is divided by r(k)?
8
Let x(m) = -2*m + 24. What is the remainder when 63 is divided by x(4)?
15
Let y = 2 + 8. What is the remainder when 28 is divided by y?
8
Let m = -45 - -90. Calculate the remainder when m is divided by 12.
9
Suppose -2*k + 80 = -4*b, -154 = -7*k + 3*k + 5*b. What is the remainder when k is divided by 13?
10
Let j(d) = -16*d + 1 - 1 + 1. What is the remainder when 8/10*20*2 is div